) = 15 + 55*o**2 - 15*o - 104*o**2 + 50*o**2. Calculate the remainder when j(20) is divided by 20.
15
Let y(l) = 463*l - 1381. Calculate the remainder when y(5) is divided by 242.
208
Let p = -162 + 178. Let a(v) = -v**2 + 24*v - 102. Calculate the remainder when 102 is divided by a(p).
24
Let i = 6348 + -6322. Calculate the remainder when 7120 is divided by i.
22
Suppose -27*x = -1260 + 342. Let m be (-52)/9 + 4/(-18). Let j = m + x. What is the remainder when 81 is divided by j?
25
Let l be 15/20*(271 - 7). Let o = l + -195. Calculate the remainder when 19 is divided by o.
1
Let o = 13 + 5. Let h(r) = 2*r**3 - 8*r**3 + 8*r**2 - 2 + 0*r - 3*r + 5*r**3. Calculate the remainder when h(6) is divided by o.
16
Let x(u) = -14*u - 432. What is the remainder when x(-65) is divided by 4?
2
Let b(f) = 6*f**2 + 2. Let l(i) = -i**2 + 3*i + 5. Let z be l(-1). Calculate the remainder when (-58)/(-4)*10/5 is divided by b(z).
5
Let v = 340 - 338. Let s(r) be the first derivative of 10*r**3/3 + 3*r**2/2 - 2*r + 3. What is the remainder when s(1) is divided by v?
1
Let v = -547 + 213. Let l = v + 752. What is the remainder when l is divided by 70?
68
Let p(f) = 41*f + 277. Let m be p(-7). Let i(n) = n**2 + 7*n + 8. Calculate the remainder when i(m) is divided by 6.
2
Suppose 2*h = -3*h - 25. Let f(o) be the third derivative of -o**5/60 - o**4/8 + 19*o**3/6 + 6*o**2 - 11. What is the remainder when f(h) is divided by 7?
2
Suppose 380*j - 414*j + 19176 = 0. Calculate the remainder when j is divided by 81.
78
Suppose o + o = 7*o, 6614 = 2*m - o. Calculate the remainder when m is divided by 10.
7
Let g(k) = -12*k - 184. Let b(x) = -6*x - 91. Let s(r) = 13*b(r) - 6*g(r). Calculate the remainder when 124 is divided by s(-19).
19
Suppose -303 = -3*q - 108. Let i(r) = -r**3 - 69*r**2 - 130*r + 218. Let b be i(-67). Let l = q + b. What is the remainder when l is divided by 4?
3
Suppose -46*u + 52*u - 2352 = 0. Let q = 412 - u. What is the remainder when 404/7 + 2/7 is divided by q?
18
Let l(p) = -p**3 + 15*p**2 + 9*p - 122. Let q be (3 - 19 - -3)*-6. Suppose 97 = 5*u - q. Calculate the remainder when u is divided by l(15).
9
Suppose -78*t + 1636 = 15*t - 131. What is the remainder when 682 is divided by t?
17
Suppose 5*k - 121 - 19 = 0. Suppose -14*j + k = -56. Calculate the remainder when 9 is divided by j.
3
Calculate the remainder when 1381 is divided by 1361 + 2 - (-39 - -40).
19
Suppose 5*v = -n + 30, -3*n + 7*n - 30 = -2*v. Suppose -96 = v*d - 246. Calculate the remainder when 39 is divided by 2*3*50/d.
9
Suppose 0 = -b + 5 - 1. Suppose -b*m + 2*a + 33 = m, -2*a + 7 = 3*m. Suppose -5*u = 5*o - 220, m*u - 5 = 4*u. Calculate the remainder when o is divided by 10.
9
Suppose 5*d - 742 = -157*r + 160*r, -3*r - 27 = 0. What is the remainder when d is divided by 79?
64
Suppose -r - r = -2*a - 2, r + 11 = 4*a. Suppose -2*b = -10, -n - 2*b = -23 - a. Suppose 0 = -4*i + 149 - n. What is the remainder when i is divided by 6?
3
What is the remainder when 740 is divided by 0/(-5 - 3) + -3 + 11 + 2?
0
Let w be 1/3*180/20. Suppose h - 4*x - 226 = -2*h, -w*h = -2*x - 230. Let q(m) = m**3 - 5*m**2 + 5*m - 9. Calculate the remainder when h is divided by q(5).
14
Let z be (-3)/(0 - 9/21). Let b(x) = 17*x + 4. Let g(v) = -v**3 - 2*v**2 + 19*v + 1. Calculate the remainder when b(z) is divided by g(-6).
30
Let h(n) = 219*n + 6615. What is the remainder when h(-17) is divided by 16?
12
Suppose -b - 27 = -10*b. Let a be 1/((-6)/(-10))*b. Suppose -a*r = -4*x + 180, -6*x = -x + 3*r - 225. Calculate the remainder when x is divided by 23.
22
Let p(s) = -s**2 - 13*s - 2. Let k = 35 + -38. Calculate the remainder when p(k) is divided by 7.
0
Let v = 59775 - 44190. What is the remainder when v is divided by 131?
127
Suppose -p = -682 + 585. Suppose -86*w = -p*w + 88. What is the remainder when w is divided by 1?
0
Suppose -2*q = -2*d + 954, -11*d + 5*q - 1989 = -15*d. What is the remainder when d is divided by 199?
88
Suppose -30 = -5*i, -5*i = -o + 212 - 30. Calculate the remainder when o is divided by 126.
86
Suppose -732 + 64 = -4*f. Let v = f + -151. Calculate the remainder when 44 is divided by v.
12
Suppose 5112 = 32*n + 4*n. Let g = -163 + 271. Suppose 4*a - 144 = 4*v, 3*v - g = -3*a - 2*v. Calculate the remainder when n is divided by a.
34
Let i = -22509 + 22577. Let z = -1899 + 2714. Calculate the remainder when z is divided by i.
67
Suppose -63 = -21*u + 756. Let b(y) = -y**3 - 15*y**2 + 14*y - 8. Let v be b(-16). Suppose -5*q = -v - 1. What is the remainder when u is divided by q?
4
Let y(f) be the first derivative of -19 + 1/3*f**3 + 10*f + 4*f**2. Calculate the remainder when 34 is divided by y(-9).
15
Suppose -5*g + i + 14 = -1, 3*g = 5*i + 9. Let s = -2 + 4. Suppose s*q - 30 = 4*t, -2*q + g*q - t - 20 = 0. Calculate the remainder when q is divided by 9.
7
Let q(m) = -m**3 - 7*m**2 + 4. Calculate the remainder when -4*(-155)/20 + -8 is divided by q(-7).
3
Let b = -5 - -9. Suppose b*w - 44 = 40. Suppose -z = 2*r - 48 + 20, -4*r + 5*z + 28 = 0. Calculate the remainder when w is divided by r.
9
Let v(a) = 4*a**2 - 20*a - 15. What is the remainder when 569 is divided by v(-3)?
2
Let m = -2564 + 2756. What is the remainder when m is divided by 9?
3
Let q be (-1194)/(-14) + (-2)/7. Suppose -c + 4*i = -2*c, -3*c + q = -5*i. Let r = -43039 + 43047. Calculate the remainder when c is divided by r.
4
Suppose -4*n - 136 = 65*f - 76*f, 5*n + 12 = -6*f. Let i(m) = 6*m**2 - 5*m - 1. Calculate the remainder when i(-4) is divided by f.
3
Suppose 5 - 48 = 2*r - 3*m, 5*m = 3*r + 63. Let o(f) = f**3 - 6*f**2 + 7*f - 8. What is the remainder when (-39 + 36)*r/12*10 is divided by o(6)?
31
Suppose -2*r + 611 = 5*t, 1247*t - 1244*t - r - 360 = 0. What is the remainder when 2899 is divided by t?
116
Let h = 5309 - 3286. What is the remainder when 4053 is divided by h?
7
Let q(i) = 12*i**2 + 72*i + 154. Calculate the remainder when 114 is divided by q(-4).
56
Let a = 21322 - 20817. Calculate the remainder when 2036 is divided by a.
16
Suppose 0 = -68*j + 16*j + 3120. Let v(d) = 3*d**2 - 2*d - 6. What is the remainder when v(-6) is divided by j?
54
Suppose 18*q = 19*q - 9. Suppose 0 = 5*c - q*c + 804. Suppose -9*d + c = -6*d. Calculate the remainder when d is divided by 17.
16
Let j(x) = 35*x**2 + 10. Calculate the remainder when 331 is divided by j(0).
1
Let c(l) be the first derivative of -62*l**2 - 25*l + 12. What is the remainder when c(-6) is divided by 24?
23
Suppose -3*r - 4 = -16. Suppose -f + 52 = l, l - 3*l - 295 = -5*f. Let j = 60 - f. What is the remainder when r is divided by j?
1
Let f = 17 + 39. Calculate the remainder when (-21)/42 + (-445)/(-2) is divided by f.
54
Let j = 28 - 2. Suppose -2*t - 4 - j = -4*z, z = 3*t. What is the remainder when (-99)/5*(-275)/165 is divided by z?
6
Suppose 5*n = -s + 677, 2*n - 19 - 241 = 5*s. Let m = -109 - -132. Calculate the remainder when n is divided by m.
20
Suppose 4*f = -x + 1 + 43, -3*f - x = -32. Suppose -3*s + 3*p = -84, -5*p + 2*p + 100 = 5*s. Calculate the remainder when s is divided by f.
11
Let i = -21 - -39. Suppose -3*r = -2*r - i. Calculate the remainder when (150/(-4))/(66/(-132)) - 11 is divided by r.
10
Calculate the remainder when (-2 - 6)*24645/(-30) is divided by 25.
22
Let l = -443 + 492. Calculate the remainder when l - ((-10)/(-8))/((-21)/(-84)) is divided by 32.
12
Suppose -13*w = -6486 + 324. What is the remainder when w is divided by 53?
50
Suppose 6*p - 11*p = g - 239, -3*p = -3*g + 609. Calculate the remainder when 837 is divided by g.
1
Let s = 36 - 33. Suppose 0 = s*n - 46 - 2. Calculate the remainder when n/(-9) + 2 - 1202/(-18) is divided by 34.
33
Let z(t) be the first derivative of 2*t**2 + 143*t + 45. Suppose -65 = -5*h + 70. Calculate the remainder when h is divided by z(-32).
12
Suppose -3*h = -m + 965, 2*m + 25*h = 26*h + 1970. Let t(c) = 67*c**2 - 1. What is the remainder when m is divided by t(1)?
65
Let t(m) = m**3 - 13*m**2 - 100*m - 16. What is the remainder when t(19) is divided by 17?
12
Suppose -2*q + 50 = 5*o - 104, 0 = 2*o - 3*q - 54. Let w = 3094 + -3111. Let r = w + o. What is the remainder when 35 is divided by r?
9
Let r(l) = -48*l**3 + 47*l**2 + 164*l - 5. What is the remainder when r(-4) is divi